?
-3310401
Convert 23205123 (base 6) to base 11.
44a375
Convert 1103235 (base 7) to base 5.
13314414
1321125 (base 7) to base 3
22210200220
1492c31 (base 13) to base 2
11001000101010110000100
What is 7923b (base 13) in base 16?
35bb8
What is 13231022101 (base 4) in base 15?
29d7aa
Convert -1519035 (base 13) to base 12.
-2307770
Convert 130bc7 (base 15) to base 7.
10524316
What is -31204210 (base 5) in base 6?
-5300525
What is -220489 (base 10) in base 16?
-35d49
Convert 44660124 (base 7) to base 3.
21022010110210
What is 6104062 (base 8) in base 15?
21b570
What is 32b33a (base 12) in base 13?
2236ab
What is 4422224 (base 5) in base 13?
28b07
What is -301632 (base 7) in base 2?
-1100011110001001
What is -6109 (base 12) in base 11?
-79a5
Convert -147a85a (base 11) to base 2.
-1001101010010011110011
What is -15596 (base 10) in base 16?
-3cec
Convert 301132122 (base 4) to base 9.
337876
-666760 (base 8) to base 7
-1624153
What is -1226e (base 16) in base 8?
-221156
Convert -490975 (base 11) to base 13.
-212964
What is 101101000011111000001 (base 2) in base 16?
1687c1
Convert -3988228 (base 11) to base 13.
-1574126
1041110432 (base 5) to base 16
22de3d
-2c3ca (base 13) to base 8
-244277
Convert 213114114 (base 5) to base 4.
3132103012
-1152442 (base 6) to base 12
-2b722
Convert -46e72 (base 16) to base 14.
-77ba2
Convert -400455244 (base 6) to base 3.
-110201022011201
10a92 (base 11) to base 12
9294
What is -336666 (base 7) in base 12?
-2a8a0
687403 (base 9) to base 11
261779
-14541325 (base 7) to base 11
-86904a
-2d31e (base 15) to base 8
-434645
What is -63a98 (base 12) in base 3?
-20122220122
31737 (base 8) to base 2
11001111011111
Convert 4c198e (base 16) to base 12.
18061a6
Convert -2590379 (base 12) to base 4.
-130033130031
Convert 4130010 (base 5) to base 4.
100132301
203243044 (base 5) to base 7
10055014
-648518 (base 11) to base 13
-2a3803
What is 1232030013 (base 4) in base 16?
6e307
Convert a3b8 (base 13) to base 8.
54144
-1010010121121 (base 3) to base 7
-5020141
What is 9419a (base 12) in base 4?
233110012
Convert -123042221 (base 5) to base 6.
-20441505
-15604502 (base 9) to base 7
-123165041
Convert -10111010011001011011 (base 2) to base 16.
-ba65b
Convert e07 (base 16) to base 3.
11221000
Convert 11011000010100010100 (base 2) to base 6.
30554004
What is -1000010010001011 (base 2) in base 4?
-20102023
Convert 13333333330 (base 4) to base 11.
1202689
What is 121000200211 (base 3) in base 12?
132664
-416417 (base 8) to base 14
-38699
Convert 1104403 (base 6) to base 14.
162c3
Convert 3300132 (base 5) to base 14.
1672c
154255 (base 11) to base 6
5050322
20210110200 (base 3) to base 12
65499
-49955 (base 10) to base 14
-142c3
Convert -c9042 (base 13) to base 6.
-11434303
101101000011001010 (base 2) to base 10
184522
152037 (base 11) to base 6
5025010
What is 20134515 (base 6) in base 5?
121310331
What is -101115540 (base 6) in base 3?
-10021020012120
-d4275 (base 15) to base 13
-1a6c57
-109a4 (base 15) to base 9
-80381
What is -4101316 (base 7) in base 9?
-823247
What is -110012222 (base 5) in base 6?
-14022251
What is -10202033310 (base 4) in base 11?
-742225
What is -430621 (base 9) in base 8?
-764600
What is -10232341 (base 5) in base 2?
-10101001001000100
Convert -110010110101001001 (base 2) to base 5.
-23130301
What is 13322020 (base 4) in base 12?
168b4
Convert 195259 (base 11) to base 15.
5dc56
-11000101102212 (base 3) to base 4
-20020311332
Convert 101010001101100100 (base 2) to base 7.
1320040
-34145 (base 14) to base 7
-1034515
What is 3f755 (base 16) in base 11?
168316
Convert -5a71 (base 15) to base 10.
-19231
310003010103 (base 4) to base 2
110100000011000100010011
93059 (base 10) to base 15
1c88e
Convert -14708560 (base 9) to base 13.
-1697817
-20103232133 (base 4) to base 9
-4078525
What is -15115704 (base 8) in base 11?
-1a45387
29b47 (base 14) to base 12
50057
Convert -25345505 (base 6) to base 15.
-113c6e
What is a3199 (base 11) in base 14?
3cc76
7507255 (base 8) to base 5
1003040410
What is -20021212110022 (base 3) in base 13?
-900b24
Convert -22100443 (base 5) to base 14.
-4d72c
-88c7 (base 14) to base 4
-11302033
Convert -48931 (base 10) to base 7.
-262441
-665656 (base 11) to base 3
-1222221020022
What is 2ba27 (base 14) in base 6?
2200403
Convert -abdf24 (base 16) to base 7.
-164512003
-124442654 (base 7) to base 15
-a7393e
What is -478a9 (base 15) in base 9?
-376776
What is 23a0058 (base 14) in base 4?
1001010100032
Convert 100010000010011101 (base 2) to base 5.
13430141
What is 1210322013 (base 5) in base 7?
32666303
What is 110121202220201 (base 3) in base 7?
111004204
-31323033313 (base 4) to base 2
-1101111011001111110111
-2312012031 (base 4) to base 9
-1356123
111010100011001000101 (base 2) to base 15
27d6c3
What is -121cfd (base 16) in base 3?
-2020022100112
-100200100 (base 3) to base 15
-2156
3bd2b3 (base 14) to base 6
112225501
Convert 22251104 (base 6) to base 10.
675472
Convert 1102200232 (base 4) to base 10.
337966
What is 1111140212 (base 5) in base 3?
11121010102020
Convert -2c212 (base 13) to base 2.
-10100011101111111
What is 2437 (base 13) in base 11?
3931
b3a9a7 (base 15) to base 7
132411451
Convert 3521077 (base 9) to base 6.
104444241
What is 10332652 (base 10) in base 12?
3563664
What is -13332131 (base 5) in base 10?
-136541
Convert 10010001111100001001 (base 2) to base 10.
597769
-1f75d7 (base 16) to base 6
-112105143
What is 150788 (base 13) in base 16?
7dd41
What is -3c520 (base 14) in base 13?
-52b99
-77644 (base 12) to base 2
-100110100111010100
-32124524 (base 6) to base 2
-11100110100110100100
16208 (base 11) to base 13
a54a
Convert -100100100011011000110 (base 2) to base 3.
-2020212000201
What is ef4f4d (base 16) in base 13?
333172a
What is -a1540 (base 12) in base 13?
-7469a
Convert 779269 (base 10) to base 8.
2762005
Convert 1010001000100000101100 (base 2) to base 11.
1554799
What is -1039c71 (base 13) in base 6?
-253432213
Convert 23572b (base 13) to base 6.
30003030
Convert -23123355 (base 6) to base 3.
-1100010022022
Convert -53010010 (base 6) to base 4.
-11320031112
What is 570525 (base 12) in base 8?
5232755
Convert -45023 (base 8) to base 5.
-1101323
-4204343 (base 5) to base 12
-34170
What is -88794 (base 11) in base 5?
-13104401
Convert -10061443 (base 8) to base 15.
-2bdd71
What is 23645055 (base 8) in base 14?
9939c9
187135 (base 13) to base 2
10010110001111001101
5063111 (base 7) to base 16
93659
-336212 (base 8) to base 3
-12210002220
What is 11111010100010100111111 (base 2) in base 11?
46a80a9
Convert -65451122 (base 7) to base 3.
-101112222022002
1210333011 (base 4) to base 15
8285c
30163707 (base 8) to base 2
11000001110011111000111
214406 (base 11) to base 13
bcbc7
3536116 (base 9) to base 3
10121020010120
Convert -13812 (base 14) to base 4.
-23301220
Convert 12011211211 (base 3) to base 16.
18e3b
Convert 12200222211 (base 3) to base 13.
3c136
Convert -1214637 (base 9) to base 4.
-2201001100
Convert 30123233102 (base 4) to base 8.
14335722
Convert 58d09 (base 14) to base 3.
102000002211
-15337b (base 12) to base 11
-225158
What is 11231412 (base 6) in base 15?
6c985
What is -1055661 (base 8) in base 12?
-119355
1424183 (base 9) to base 4
2333113113
What is -18832870 (base 9) in base 3?
-122221002222100
1a993ac (base 13) to base 4
201220220322
Convert 2618666 (base 9) to base 15.
1d3b10
What is -22776131 (base 8) in base 15?
-68576b
What is -20000011121121 (base 3) in base 2?
-1100001011010011001010
-1262255 (base 7) to base 10
-166493
What is 979260 (base 10) in base 15?
145240
Convert 295840 (base 15) to base 11.
11414a9
Convert 42051331 (base 6) to base 16.
129d27
What is -403071 (base 9) in base 7?
-2012116
What is -324668 (base 9) in base 13?
-6a247
What is -12525333 (base 6) in base 15?
-83389
-351612 (base 7) to base 9
-105460
69372 (base 14) to base 13
8c611
Convert -385628 (base 13) to base 2.
-101001010101010100000
Convert 32004403 (base 5) to base 12.
10a098
fbb5a (base 16) to base 4
3323231122
What is -1001111011011010101100 (base 2) in base 14?
-4ba6cc
-3966bc (base 16) to base 3
-21002010021212
What is 307094 (base 13) in base 12?
4656ab
347673 (base 8) to base 14
31399
-1010011111101100001100 (base 2) to base 8
-12375414
What is -12a09c (base 13) i